. Give x(t).
-3
Let c(h) be the first derivative of h**3/3 - 3*h**2 + 5*h + 60. Calculate c(7).
12
Let f(y) be the third derivative of y**3/6 + 5*y**2. Let z(h) = -h - 2. Let s(u) = -3*f(u) - z(u). Let l be 4/10 + (-16)/(-10). What is s(l)?
1
Let y = 2 - 10. Let r = y - -4. Let l(z) be the second derivative of z**4/12 + z**3/2 + z**2/2 + z. Calculate l(r).
5
Suppose 0 = -2*a + 24. Suppose a = v - 3*v. Let p(g) = 2*g + 5. Give p(v).
-7
Let b = 21 - 24. Let q(y) = y**2 + 5*y + 1. Calculate q(b).
-5
Let c(h) = h**3 + 6*h**2 - 9*h - 8. Let y be c(-7). Let s(t) = 2*t - 7. What is s(y)?
5
Let u be -2*3/18*0. Let o = u - 3. Let p be 5 + 0/(3/o). Let c(f) = f**3 - 6*f**2 + 4*f + 2. Determine c(p).
-3
Let b(y) = -6*y - 8. Let n(s) = 7*s + 9. Let q(v) = 6*b(v) + 5*n(v). Let l be q(-6). Let t(r) = 5*r**2 - 3*r**2 - l*r**2 - 1. Determine t(-2).
-5
Suppose 0 - 1 = -u. Let a(g) = 7*g**2 - 3*g + 2. Let h(s) = s**2 - s + 1. Let f(c) = -a(c) + 3*h(c). Calculate f(u).
-3
Let c(s) = -5*s**3 + 2*s**2 - 1. Let j be 2*(0 - (-1)/(-2)). Give c(j).
6
Let y(k) = -1. Let p(a) be the second derivative of -a**5/20 + a**4/6 + a**3/3 + 9*a**2/2 + 7*a. Let l(f) = -p(f) - 6*y(f). What is l(3)?
0
Let f(j) = -6 - 2*j - 19*j**3 + 18*j**3 - 2*j + 7*j**2. What is f(5)?
24
Let t(r) be the first derivative of 2/3*r**3 + 7 + r + 3/2*r**2. Calculate t(-2).
3
Suppose 0*t = -5*x - 2*t + 7, 0 = -5*x + 3*t + 2. Let l(y) = 4*y**2. What is l(x)?
4
Let d(l) be the first derivative of l**7/840 - l**6/72 + l**5/40 + 5*l**4/24 + l**3 + 4. Let z(f) be the third derivative of d(f). What is z(4)?
1
Let v(y) = -y**3 + 2*y**2 + 2*y + 3. Let g be v(3). Let b(j) = -j**3 + 3*j**2 - 3*j + 3. Let x be b(2). Let z(o) = 0 - 4*o + 5*o + x. Determine z(g).
1
Let j(b) = -3*b + 7*b + 2 - 3. What is j(2)?
7
Suppose 29 = -5*i + 9. Let a be ((-6)/i)/(9/12). Let j(h) = -4*h**2 + 2*h**2 - 5 - 2 + h**a - 7*h. What is j(-5)?
3
Let u = -67 - -68. Let i(g) be the second derivative of g**4/6 - g**3/6 - g. What is i(u)?
1
Let h(s) = -1 - 1 - 2*s - s**2 + 0*s - 4*s. Suppose -6*a + 14 = -5*a. Suppose -5*o - 3*w = 2*w + 10, -a = o - 5*w. Give h(o).
6
Let z(c) = c + 1. Let r(x) = 9*x + 16. Let p(f) = 8*f + 15. Let t(g) = -6*p(g) + 5*r(g). Let b(q) = -t(q) - z(q). Give b(-6).
-3
Let b(f) = -23*f**2 + 17*f + 17. Let w(q) = -4*q**2 + 3*q + 3. Let o(x) = -6*b(x) + 34*w(x). Determine o(1).
2
Let w(b) be the third derivative of b**4/8 - b**3/3 + 15*b**2. Let k be -2*(0 - (1 - 2)). Calculate w(k).
-8
Suppose 4*i + 10 = 14. Let c(h) = 6*h - 1. Determine c(i).
5
Let l(j) be the first derivative of 7/12*j**4 + 1 + 1/2*j**2 + j + 1/3*j**3. Let b(x) be the first derivative of l(x). Give b(-1).
6
Let z(c) = -c**3 + 6*c**2 + 1. Let f be (-2)/(-5) - (-420)/75. Determine z(f).
1
Let o(z) = -z**3 + 8*z**2 - 16*z. Let p be o(4). Let f(y) = y + 11. Calculate f(p).
11
Let c(n) = n**2 - 5*n. Let q be c(4). Let x(v) be the first derivative of -1/4*v**4 - 6*v - 3 - 2*v**2 - 5/3*v**3. Calculate x(q).
-6
Let f(y) = -y**2 - 68 - 3*y**2 + 73 + y**3 - 5*y. Calculate f(5).
5
Suppose r + 14 = -2*h + 3*r, -4*r = 5*h - 1. Let c(q) = -q - 1 + 3*q + 0. Determine c(h).
-7
Let g(i) = -6*i**2 - 4 - 5*i + 5*i**2 + 2*i**2. What is g(5)?
-4
Let x(v) be the second derivative of 5/6*v**3 + 1/3*v**4 + 0 + 2*v**2 - 2*v - 1/20*v**5. Let g be (-4)/10 + 54/10. Give x(g).
4
Let o = -218 - -220. Let c(f) = -4*f**2 - 3*f + 3. Let k(y) = 21*y**2 + 16*y - 16. Let a(x) = 11*c(x) + 2*k(x). Give a(o).
-9
Suppose -5*l + 20 = -5*f, 0 = l - 3*f + 2. Let n = 8 - l. Let a(p) = 3*p**3 + 2*p**2 - 2*p + 1. What is a(n)?
4
Let l(b) = 7*b**3 + 8*b**2 - 12*b - 6. Let q(a) = -4*a**3 - 4*a**2 + 6*a + 3. Let f(v) = 3*l(v) + 5*q(v). Let j = -5 - 0. Give f(j).
2
Suppose 4*t - 2 = -i, -3*i = -6 - 0. Let v(o) = -6 + 0*o**2 - 3*o + o**2 + t*o**2. Calculate v(5).
4
Let f(o) = 4*o**2 - o + 1. Let w be f(2). Suppose w = 5*s - 5. Let k(y) = 4 - y**3 - 3*y - s*y**2 + 2*y - 9. What is k(-4)?
-1
Suppose 0 = -n - s - 3, 4*n = -2*s - 5 + 1. Let w(d) = -d**2 + 3*d + 2 - n - 4*d + 0*d**2. Determine w(1).
-1
Let o(g) be the third derivative of -g**6/120 + g**5/30 + g**4/12 - g**3/3 + 2*g**2. Let d be 4/(-6)*(-18)/4. Suppose 3 = d*r - 2*r. Determine o(r).
-5
Let t(p) be the first derivative of p**3/3 + p**2/2 + 9*p - 141. Suppose 0*y = -4*y. Calculate t(y).
9
Let r(o) = o + 1. Suppose 4*b + 6 = 3*b + 2*x, -2*b - 3*x = -9. Let u be 1/((-2)/(-4)) + b. Suppose -3*a + 8 = u. What is r(a)?
3
Let o(q) = 7*q**3 - 10*q**2 + 13. Let u(y) = -y**3 + y**2 - y - 1. Let j(a) = o(a) + 6*u(a). Let g be j(5). Let n(b) = 2*b**2 - 2*b. Give n(g).
4
Let m(r) be the first derivative of r**2/2 - 2*r - 4. Let h(z) = 2*z - 3. Let y be h(4). Suppose 8 - 23 = -y*b. Give m(b).
1
Let m(w) be the first derivative of -w**6/120 - w**5/60 - w**4/12 - w**3/3 + 5*w**2/2 - 1. Let l(x) be the second derivative of m(x). Determine l(-2).
6
Let w(d) = 21*d**2 + 2*d - 1. Suppose 2*m - 10 + 8 = 0. Calculate w(m).
22
Let s(f) = -f**3 + 2*f**2 + 2*f + 1. Let y be 1/2 + 9/2. Suppose -35 = -y*a + 15. Let b be ((-2)/(-4))/((-5)/a). Determine s(b).
2
Let g(m) = 9 + 4*m - 4*m + 2*m - 13. Let d(k) = 2*k - 5. Let h be d(5). Calculate g(h).
6
Let o = 43 - 29. Let t = o + -14. Let m(j) = -j**3 - j**2 + 2. Give m(t).
2
Let u(k) = -5 + k + 0 + 0 - 1. Let b be u(11). Suppose -5*l - 3*d + b = 0, -2*l - 7 = 2*d + d. Let j(h) = h**3 - 3*h**2 - 2*h - 5. Determine j(l).
3
Let q(l) = 8*l - 9. Let i(a) = -a. Let o(t) = -6*i(t) - q(t). Calculate o(8).
-7
Let j(q) = -q - 4. Let i be 26/(-6) - 8/12. Determine j(i).
1
Let s be (16/(-72))/((-3)/27). Let v(n) = -n**2 + 3*n. Calculate v(s).
2
Let r(j) be the third derivative of -j**5/60 + j**4/6 + j**3/3 - 33*j**2. Let i be ((-4)/(-6))/(3/27). Calculate r(i).
-10
Let a(r) = r**2 - 2*r + 2*r. Let m(g) be the second derivative of g**5/20 + g**4/2 + 5*g**3/6 + g**2/2 + 7*g. Let v be m(-5). What is a(v)?
1
Let o(l) = 8*l**2 + 2*l + 1. Let q = 0 - 1. What is o(q)?
7
Let y(s) = 2*s + 264 + 3*s**2 - 263 - 4*s**2 + s**3. Suppose 7 = 2*h + d, 4*h + 5*d - 7 = 16. Calculate y(h).
9
Let x(l) be the first derivative of l**4/12 - l**3/2 - 3*l**2/2 - 5*l - 6. Let w(s) be the first derivative of x(s). Calculate w(4).
1
Let u be 6*((-7)/(-2) - 3). Suppose -u*w + 3 = -6*w. Let m(j) = -2*j**3 - 2*j**2 - 2*j - 1. Calculate m(w).
1
Let g(u) = u**3 + 2*u**2 - u. Let i be g(1). Let r(d) = -4*d**i + 3*d**2 + 3 - 3*d**2 - d - d**3 + 8*d. Determine r(-5).
-7
Suppose -5*l = -2*l. Suppose q + 2 + 3 = l. Let h(o) = -o**3 - 5*o**2 + 2*o + 4. Determine h(q).
-6
Let y(g) be the first derivative of 5/2*g**2 + 2 - 2*g - 1/3*g**3. Let j = 12 - 8. Calculate y(j).
2
Let l(y) = 2*y**2 + y. Let v = -21 - -12. Let o = -10 - v. Determine l(o).
1
Let m(z) be the first derivative of z**4/4 + 2*z**3/3 - 3*z**2/2 - 4*z - 3. Suppose -2*y + 3*o - 6 = 0, y + 4 - 1 = -3*o. Calculate m(y).
-4
Let x(y) = -3*y + 4*y**2 - 4*y**2 - 2 - y**2. Calculate x(-3).
-2
Let t(n) = -n - 5. Let i be t(-6). Let y(g) = i + 1 - g**2 - 1 - 2*g + g. Determine y(2).
-5
Let m(w) be the third derivative of -w**6/120 + w**5/15 + w**4/4 - w**3 - 18*w**2. Calculate m(5).
-1
Let g(c) = 3 - 5 + 0*c + 3*c + 0. What is g(3)?
7
Let u be 2/((-4)/(-24)*1). Let m(l) = -4*l + u*l - 2 - 3*l - 4*l. Give m(-7).
-9
Let k(f) = -9*f**2 + 7*f - 2. Suppose 0*q = -4*u + 2*q + 16, 0 = 5*u + 3*q - 42. Let z(w) = 5*w**2 - 4*w + 1. Let x(a) = u*k(a) + 11*z(a). Determine x(4).
7
Let a(z) = 3*z**3 - 60 + 62 - 2*z**3. Calculate a(2).
10
Let x be (1/3)/(-1)*0. Let z(m) = x*m - m + 1 - 8. What is z(-5)?
-2
Let z(h) = 7*h**3 - 2*h**2 + h + 3. Let r(f) = 6*f**3 - f**2 + f + 2. Let m(o) = 5*r(o) - 4*z(o). Let y(b) = b**3 - 11*b**2 - b + 9. Let v be y(11). Give m(v).
-8
Let d(g) be the first derivative of 2*g**2 - 2/3*g**3 - 6 - 2*g. Determine d(2).
-2
Let r be 1 + (1/(-1))/(-1). Let a(t) = -4*t**2 - 8*t - 7. Let l(g) = 3*g**2 + 7*g + 6. Let q(w) = -5*a(w) - 6*l(w). Calculate q(r).
3
Let i(a) be the second derivative of a**5/4 - a**4/6 - a**3/3 - a**2/2 + 16*a. Suppose -l - 9 = -2. Let r(t) = -t**3 - 7*t**2 - 1. Let s be r(l). What is i(s)?
-6
Let f(p) = -p**2 + 2 - p**3 + 0*p**2 + 0*p**3. Let c = 14 - 14. Give f(c).
2
Let t be 1/(-1)*(-40)/8. Let h(r) = -1 + 3 + 3*r**3 + t*r**2 - r**2. Let z(w) = 16*w**3 + 21*w**2 + 11. Let f(